(-35)/10 - -4). Suppose 0 = -o*b - b. Suppose 8*l - 10*l + 48 = b. What is the highest common divisor of l and 96?
24
Suppose 6*q - 6 = 4*q. Let b(m) = 2*m - 4. Let a be b(q). Suppose 5*f = x + 20, -4*f - f = a*x - 35. Calculate the greatest common factor of 55 and f.
5
Suppose 5*f - 26 = 9. Let l be 18*2 + (-7 - -4). Suppose b = 3*y - 100, -l + 233 = 5*y + 5*b. What is the highest common factor of f and y?
7
Let u be 292/(-5) - 8/(-20). Let g = -33 - u. Calculate the highest common divisor of g and 25.
25
Let t = -51 + -18. Let h = t - -78. Calculate the highest common divisor of h and 9.
9
Suppose -4*m = -20 - 52. Let z = -87 + 181. Suppose -3*u = -41 - z. Calculate the highest common factor of m and u.
9
Let g be (5/15)/((-40992)/(-13662) + -3). What is the greatest common factor of 11 and g?
11
Suppose 16*a + 18 = 194. What is the greatest common divisor of a and 99?
11
Let k(x) = -32*x + 23. Let r(w) = -21*w + 15. Let v(g) = 5*k(g) - 7*r(g). Let t be v(-1). What is the greatest common factor of t and 46?
23
Let i(d) = -d + 15. Let p be i(2). What is the highest common factor of 104 and p?
13
Suppose -5*m + 18 = -22. Suppose -3*h + 9 = -5*x, 18 = 4*h - 2*x - 8. Suppose -o = -0 - h. What is the greatest common factor of o and m?
8
Suppose 0 = -b - 5*g - 1, -2 = b + b + 4*g. Let w be (b - -2) + 0/(-4) + 4. What is the greatest common divisor of w and 55?
5
Suppose -29*k + 14630 = 3668. What is the greatest common divisor of k and 108?
54
Let a(o) = -123*o - 3561. Let g be a(-29). Suppose 0 = 3*n + 2*j + j + 3, -4*j = -2*n + 28. What is the highest common divisor of g and n?
2
Let q(h) = 7*h**2 + 2*h - 5. Let l(g) = g**3 + 4*g**2 - 6*g - 9. Let x be l(-5). Let j be q(x). Calculate the greatest common factor of j and 11.
11
Let d(f) = -2*f**3 - 9*f**2 + 8*f + 102. Let m be d(-4). What is the highest common factor of 48 and m?
6
Let a = -145 + 149. Suppose -2*g = -a*b + 22, 3*g = -b - 3*b + 17. What is the highest common divisor of 135 and b?
5
Let w(j) = -5*j - 44. Let c(q) = -q**3 - 11*q**2 + 27*q + 3. Let u be c(-13). Let g be w(u). Calculate the greatest common divisor of g and 42.
6
Let c(i) = 37*i**2 - 82. Let f be c(-6). What is the highest common factor of f and 50?
50
Suppose 30*m = -8*m + 950. What is the highest common divisor of 15 and m?
5
Let r = -172 + 178. What is the greatest common factor of 15 and r?
3
Let z(d) = 66*d - 168. Let a be z(8). What is the highest common divisor of a and 108?
36
Suppose -2*u - 2*y + 64 = 0, y = u - 0*y - 32. Let s = u + -22. Let h(w) = w**2 + 4*w - 2. Let a be h(-8). What is the greatest common divisor of a and s?
10
Let y = 0 - -7. Suppose 2*n - 14 = 2*r, 0 = 23*r - 20*r + 15. Calculate the greatest common divisor of y and n.
1
Let n be (-3)/(-2)*(-104)/(-6). Let j = -470 + 509. Calculate the highest common factor of j and n.
13
Let k = -9 - -9. Let x(y) = -2*y + 5. Let f be x(k). Calculate the greatest common factor of f and 2.
1
Let c(a) = a**2 - 2 + 2 - a. Suppose -4*o = -0*s + s + 12, 5*o - 10 = 5*s. Let j be c(o). What is the highest common factor of j and 48?
6
Suppose 0 = -5*r + 2*z + z + 158, -4*r = z - 123. Let i be ((-3069)/(-27))/((-1)/3*-1). What is the greatest common factor of r and i?
31
Let r be (-62)/(-5) - 24/60. Let q(n) = -n**2 + 12*n + 6. Let u be q(r). Let m = 3 + u. Calculate the greatest common factor of 63 and m.
9
Let x = 1861 - 1805. What is the greatest common divisor of 266 and x?
14
Suppose -x - 50 = x - 2*b, -b - 143 = 5*x. Let z(h) = h**2 + 21*h - 81. Let o be z(x). What is the greatest common divisor of o and 23?
23
Let z be (6 - (1 - 0))/((-2)/(-58)). Calculate the greatest common factor of 29 and z.
29
Let i be 6*17 - -2*(-4)/8. Suppose 3*r - i + 17 = 0. What is the greatest common divisor of r and 196?
28
Suppose 15*f - 1271 = -971. What is the greatest common factor of f and 210?
10
Let d = 13 - 18. Let w(a) be the first derivative of -a**2/2 + a + 3. Let g be w(d). What is the greatest common divisor of g and 48?
6
Let m = -658 + 777. Calculate the highest common divisor of m and 833.
119
Let g(h) = -h + 4. Let b be g(4). Let k(y) = 7 + b*y + 6 + y. Let r be k(9). Calculate the greatest common divisor of 44 and r.
22
Let r = 10 + -12. Let i(a) = 3*a**2 + 3*a + 3. Let o be i(r). What is the highest common divisor of 72 and o?
9
Let f = 21 - 21. Let a be -2*(f - (-97)/(-2)). Suppose -2*v = x - a, -473 = -5*x - 5*v + 32. Calculate the highest common factor of x and 15.
15
Let y be 47/9 + (-10)/45. Suppose 3*p = 4*z - 86, -2*p + 36 = 3*z - z. Suppose 3*w - 9 = 0, b + w - z = 38. Calculate the highest common divisor of b and y.
5
Let g be (-44)/4 + 3 + 3. Let u = 6 + g. Let f be (u*126)/(15/10). What is the highest common factor of 12 and f?
12
Suppose p - 14 - 1 = 0. Let f(i) = -4*i**2 + 5*i - 3*i + 6 - i - i**3 + 2*i. Let o be f(-6). Calculate the greatest common factor of p and o.
15
Suppose -2*p + 3040 = 8*p. What is the greatest common divisor of p and 76?
76
Let l be (-15 - (-8 - 4))*-248. What is the greatest common factor of l and 12?
12
Let t = -522 - -534. What is the highest common factor of t and 296?
4
Let h be (-2 + 8)/(-2)*(-1278)/(-27). Let m = h - -178. Calculate the highest common divisor of 4 and m.
4
Let b(d) = -d**3 + 6*d**2 + 1. Let a be b(6). Suppose -a = w + 5. Let r be (-28)/w - (-17)/51. Calculate the highest common factor of 1 and r.
1
Let q be 18 + 1/(-2)*-6 + 4*-1. Let p be ((-136)/5)/((-1)/5). What is the greatest common factor of q and p?
17
Let o(k) = 11*k**2 + 4*k. Let a be o(-8). Suppose -l - 7*l = -a. Calculate the greatest common factor of l and 12.
12
Let i be 2 + 0*((-6)/4 - -2). Suppose -i*s + 6*s = 32. What is the highest common factor of s and 4?
4
Suppose -5*n + 3*o + 4 = 0, -5*n + 0*o + 1 = -2*o. Let u be (-1 - -34) + n*3*1. Let a be 1 + -4 + 2 - -13. What is the greatest common divisor of u and a?
6
Let o be (28/(-21))/((-4)/6). Let l = 182 + -177. What is the highest common divisor of l and o?
1
Let h(m) = 5*m**2 - 2*m. Let p be h(-2). Suppose 3*z + j - 59 + 13 = 0, 0 = 3*z - 3*j - 54. What is the greatest common divisor of z and p?
8
Let i(x) = -x**2 + 3*x + 4. Let z be i(4). Suppose -29*b + 34*b - 15 = z. What is the highest common divisor of 2 and b?
1
Suppose 30 = 5*g - 25. Let i = -23 - -26. Suppose 4*r = -i*j + 405, r - 3*r - 5*j + 213 = 0. What is the greatest common divisor of g and r?
11
Let w(f) = 18*f + 5. Let k be w(-3). Let x = 68 + k. What is the highest common factor of 171 and x?
19
Let f(b) = b**3 + 10*b**2 - 14*b - 21. Let d be (-18)/(-12) - (-75)/(-6). Let h be f(d). What is the highest common factor of h and 84?
12
Let a(d) = 26*d - 3*d**2 + 1 - 24*d + 3*d**3 + d**2. Let j be a(3). What is the greatest common factor of j and 10?
10
Let z(d) = d**2 + 11*d - 11. Let f be z(-16). Let n = 12 + -8. Suppose 136 = n*k + 44. What is the highest common factor of f and k?
23
Let d = -42 + 49. Let r(j) = -3*j**3 - 5*j**2 - 3*j + 4. Let z be r(-3). What is the highest common factor of z and d?
7
Let v be -4*(-228)/8 + 2. Let c = v - 77. Suppose -d + 24 = 5*r - 8*r, 3*r - c = -2*d. Calculate the greatest common divisor of d and 7.
7
Suppose 0 = 5*k - 2*j - 26, 5*k + 4*j - 23 = 5*j. Let w be 4*1*(-2)/4. Let a be k*(-12)/(6/w). Calculate the greatest common divisor of 40 and a.
8
Let h be 2/3 - (4/(-3) - 0). Suppose h*d + 24 = 8*d. Calculate the greatest common divisor of 8 and d.
4
Let z = 49 - -128. Let j = z + -82. What is the highest common factor of 19 and j?
19
Suppose -4*l + 62 = 42. Calculate the greatest common factor of l and 35.
5
Suppose 2*l = 26*l - 14256. Calculate the highest common divisor of l and 108.
54
Let q be (-3)/(-1)*(-2)/(-6 - -4). Suppose 6*r - 210 = q*r. Let k(j) = 4*j - 6. Let v be k(5). Calculate the greatest common factor of v and r.
14
Let a be (-4 + 1 + 3)/(-2). Suppose a = -3*g + 331 - 115. Calculate the greatest common divisor of 8 and g.
8
Suppose 94 = y + 3*a, y + 3*a = -3*y + 394. Calculate the highest common divisor of 75 and y.
25
Let j = 800 - 740. Calculate the highest common divisor of 750 and j.
30
Suppose -5*y = 5*j - 4*j + 15163, 3*y + 9 = 0. Let t be 1/(-6) - j/168. What is the highest common divisor of 18 and t?
18
Let v(c) = 4*c + 10. Suppose 3*h - 24 = -0. Let b